ded by 1004.
312
What is the remainder when 83512607 is divided by 223?
222
Calculate the remainder when 1961620 is divided by 503.
423
Calculate the remainder when 3210797 is divided by 91730.
247
Calculate the remainder when 11878 is divided by 844.
62
Calculate the remainder when 1126450 is divided by 142.
106
Calculate the remainder when 346356 is divided by 346218.
138
Calculate the remainder when 257723535 is divided by 784.
783
What is the remainder when 39427 is divided by 2318?
21
What is the remainder when 1587799 is divided by 850?
849
What is the remainder when 210304 is divided by 52293?
1132
Calculate the remainder when 79168 is divided by 5274.
58
Calculate the remainder when 656553734 is divided by 68.
66
Calculate the remainder when 206576 is divided by 67836.
3068
What is the remainder when 1816704 is divided by 4670?
74
Calculate the remainder when 10086771 is divided by 28.
23
What is the remainder when 11161369 is divided by 103?
83
Calculate the remainder when 1092154421 is divided by 1641.
1640
Calculate the remainder when 67177999 is divided by 3951646.
17
What is the remainder when 2908015 is divided by 187?
165
Calculate the remainder when 10405798 is divided by 540.
538
Calculate the remainder when 1613717 is divided by 3016.
157
What is the remainder when 7804184 is divided by 324?
320
What is the remainder when 60471 is divided by 1140?
51
What is the remainder when 1264145 is divided by 4680?
545
Calculate the remainder when 3720832 is divided by 99.
16
Calculate the remainder when 227271 is divided by 461.
459
What is the remainder when 10507 is divided by 1056?
1003
What is the remainder when 294576 is divided by 5104?
3648
Calculate the remainder when 94592920 is divided by 254.
18
Calculate the remainder when 2442692 is divided by 488507.
157
What is the remainder when 29035 is divided by 358?
37
Calculate the remainder when 70554 is divided by 1441.
1386
What is the remainder when 16966170 is divided by 21?
18
Calculate the remainder when 763639 is divided by 763624.
15
What is the remainder when 204789 is divided by 10016?
4469
What is the remainder when 1106149 is divided by 11286?
121
Calculate the remainder when 279696 is divided by 92808.
1272
Calculate the remainder when 715504 is divided by 61.
35
What is the remainder when 16305878 is divided by 2039?
2034
Calculate the remainder when 7573051 is divided by 93.
61
Calculate the remainder when 2536866 is divided by 188.
182
Calculate the remainder when 1573449 is divided by 7.
3
What is the remainder when 9764335 is divided by 16606?
7
Calculate the remainder when 60501099 is divided by 38.
7
Calculate the remainder when 145424873 is divided by 83.
75
What is the remainder when 486568 is divided by 322?
26
What is the remainder when 3662871 is divided by 14?
9
What is the remainder when 2529522 is divided by 112?
2
Calculate the remainder when 687444 is divided by 3153.
90
What is the remainder when 8506409 is divided by 1120?
9
Calculate the remainder when 52545 is divided by 17441.
222
Calculate the remainder when 33721 is divided by 4213.
17
What is the remainder when 58976 is divided by 9821?
50
What is the remainder when 2930542 is divided by 2174?
2164
What is the remainder when 504780 is divided by 3148?
1100
What is the remainder when 488550 is divided by 1645?
1630
Calculate the remainder when 1134486 is divided by 1134475.
11
What is the remainder when 6985347 is divided by 570?
567
Calculate the remainder when 1649117 is divided by 1387.
1361
What is the remainder when 50392987 is divided by 427059?
25
What is the remainder when 314818 is divided by 35?
28
What is the remainder when 78072195 is divided by 19518047?
7
What is the remainder when 2227511 is divided by 43676?
35
Calculate the remainder when 610630 is divided by 3836.
706
What is the remainder when 293929 is divided by 11789?
10993
What is the remainder when 2312450 is divided by 37?
24
What is the remainder when 898900 is divided by 14981?
40
What is the remainder when 2949659 is divided by 143?
141
Calculate the remainder when 192580 is divided by 78.
76
What is the remainder when 2557005 is divided by 2084?
2021
Calculate the remainder when 133561799 is divided by 450.
449
What is the remainder when 489084 is divided by 40757?
0
What is the remainder when 5833020 is divided by 161?
151
What is the remainder when 584080 is divided by 980?
0
What is the remainder when 517220 is divided by 1558?
1522
What is the remainder when 103980 is divided by 1532?
1336
Calculate the remainder when 308289 is divided by 77048.
97
Calculate the remainder when 21654 is divided by 21214.
440
Calculate the remainder when 2776164 is divided by 39.
27
What is the remainder when 123626 is divided by 131?
93
What is the remainder when 1805859 is divided by 621?
612
What is the remainder when 3490785 is divided by 11636?
11621
Calculate the remainder when 461362 is divided by 32950.
62
What is the remainder when 4798192 is divided by 106619?
337
Calculate the remainder when 1907 is divided by 1468.
439
Calculate the remainder when 1132995 is divided by 14896.
899
What is the remainder when 573641 is divided by 6878?
2767
Calculate the remainder when 517232 is divided by 3253.
5
What is the remainder when 13602950 is divided by 3643?
3631
Calculate the remainder when 28094134 is divided by 9364711.
1
What is the remainder when 103542 is divided by 968?
934
Calculate the remainder when 6259 is divided by 3077.
105
Calculate the remainder when 1794896 is divided by 199407.
233
Calculate the remainder when 6469137 is divided by 62807.
16
Calculate the remainder when 835420 is divided by 7390.
350
What is the remainder when 290825525 is divided by 29323?
11
What is the remainder when 592012 is divided by 180?
172
What is the remainder when 30075759 is divided by 668350?
9
What is the remainder when 19496 is divided by 6481?
53
What is the remainder when 85331360 is divided by 4623?
26
Calculate the remainder when 117754 is divided by 39215.
109
Calculate the remainder when 390379 is divided by 3528.
2299
Calculate the remainder when 2662828 is divided by 90.
88
What is the remainder when 31312 is divided by 4466?
50
What is the remainder when 9312011 is divided by 113?
20
What is the remainder when 71340 is divided by 23652?
384
Calculate the remainder when 46258797 is divided by 840.
837
Calculate the remainder when 20331164 is divided by 3401.
3387
Calculate the remainder when 28201 is divided by 2956.
1597
Calculate the remainder when 969334 is divided by 1281.
898
Calculate the remainder when 4925289 is divided by 182418.
3
Calculate the remainder when 436791 is divided by 1678.
511
What is the remainder when 21213 is divided by 79?
41
Calculate the remainder when 820080 is divided by 692.
60
Calculate the remainder when 3233834 is divided by 166.
154
Calculate the remainder when 998896 is divided by 2707.
13
What is the remainder when 10339700 is divided by 2309?
2307
Calculate the remainder when 1102396 is divided by 1102379.
17
Calculate the remainder when 69347061 is divided by 11557843.
3
Calculate the remainder when 642907 is divided by 22.
1
What is the remainder when 20700482 is divided by 29?
21
Calculate the remainder when 242647523 is divided by 14.
13
Calculate the remainder when 443342 is divided by 110812.
94
What is the remainder when 32187737 is divided by 2408?
1
Calculate the remainder when 360532 is divided by 3307.
69
Calculate the remainder when 24956 is divided by 2038.
500
What is the remainder when 846730 is divided by 423270?
190
Calculate the remainder when 104219 is divided by 812.
283
Calculate the remainder when 5067781 is divided by 144791.
96
What is the remainder when 844462 is divided by 13?
8
Calculate the remainder when 16474785 is divided by 25.
10
What is the remainder when 259260 is divided by 86149?
813
Calculate the remainder when 16040518 is divided by 612.
610
Calculate the remainder when 250875 is divided by 5943.
1269
What is the remainder when 147630 is divided by 1737?
1722
What is the remainder when 27484358 is divided by 136?
118
Calculate the remainder when 30116 is divided by 430.
16
Calculate the remainder when 884698 is divided by 294893.
19
Calcu